 (base 9) in base 5?
-1
What is b5 (base 13) in base 12?
104
What is -2 (base 4) in base 8?
-2
-94 (base 13) to base 5
-441
-4 (base 10) to base 9
-4
-a9 (base 13) to base 3
-12011
19 (base 13) to base 14
18
Convert 1 (base 4) to base 8.
1
110 (base 3) to base 8
14
What is 11 (base 15) in base 6?
24
162 (base 8) to base 10
114
111221 (base 3) to base 7
1045
7 (base 11) to base 2
111
Convert 21000 (base 3) to base 7.
360
-11202 (base 3) to base 10
-128
-a (base 11) to base 13
-a
What is 2 (base 12) in base 14?
2
What is 100111 (base 2) in base 10?
39
-11 (base 3) to base 6
-4
-388 (base 9) to base 12
-22b
-4 (base 15) to base 8
-4
What is 157 (base 9) in base 2?
10000101
Convert 3 (base 16) to base 9.
3
What is -106 (base 8) in base 4?
-1012
What is -25 (base 6) in base 2?
-10001
What is 3 (base 5) in base 12?
3
Convert -77 (base 9) to base 5.
-240
Convert -14 (base 7) to base 12.
-b
What is -31 (base 14) in base 6?
-111
11 (base 9) to base 3
101
What is 102 (base 3) in base 11?
10
6 (base 12) to base 4
12
6 (base 8) to base 5
11
-3 (base 15) to base 12
-3
101 (base 4) to base 8
21
Convert -1c (base 13) to base 6.
-41
What is 28 (base 15) in base 12?
32
-37 (base 8) to base 6
-51
Convert -8 (base 14) to base 12.
-8
-10 (base 12) to base 14
-c
What is -7 (base 15) in base 8?
-7
-1 (base 16) to base 14
-1
Convert 1 (base 3) to base 8.
1
9 (base 10) to base 9
10
Convert 8 (base 10) to base 2.
1000
What is -154 (base 9) in base 12?
-aa
What is 1 (base 13) in base 11?
1
101 (base 4) to base 7
23
-1 (base 16) to base 8
-1
Convert -3 (base 16) to base 13.
-3
c5 (base 16) to base 12
145
What is 11 (base 15) in base 12?
14
What is -2 (base 14) in base 9?
-2
-2 (base 16) to base 12
-2
Convert 28 (base 9) to base 7.
35
-5 (base 14) to base 6
-5
Convert 66 (base 7) to base 2.
110000
What is 412 (base 5) in base 14?
79
What is 1210 (base 4) in base 5?
400
What is 11 (base 13) in base 2?
1110
What is 11100 (base 2) in base 13?
22
Convert -233 (base 5) to base 9.
-75
What is 11110101 (base 2) in base 14?
137
-f (base 16) to base 7
-21
What is 2 (base 8) in base 14?
2
Convert 3 (base 16) to base 10.
3
Convert -121 (base 3) to base 11.
-15
Convert -b (base 16) to base 2.
-1011
Convert 43 (base 6) to base 3.
1000
0 (base 5) to base 13
0
What is 147 (base 11) in base 9?
211
What is 3 (base 5) in base 15?
3
6 (base 10) to base 11
6
What is 1 (base 11) in base 6?
1
What is 2 (base 12) in base 4?
2
What is 0 (base 4) in base 13?
0
Convert -16 (base 15) to base 2.
-10101
-102 (base 3) to base 16
-b
Convert 7 (base 14) to base 2.
111
13 (base 6) to base 13
9
Convert 7 (base 15) to base 13.
7
-1 (base 2) to base 15
-1
What is 76 (base 14) in base 11?
95
-19 (base 13) to base 12
-1a
Convert 89 (base 11) to base 15.
67
What is -21 (base 5) in base 7?
-14
-11201 (base 3) to base 6
-331
2 (base 5) to base 7
2
-10 (base 3) to base 16
-3
What is 2 (base 5) in base 15?
2
0 (base 6) to base 2
0
-11 (base 12) to base 11
-12
2 (base 10) to base 12
2
Convert 28 (base 15) to base 16.
26
29 (base 10) to base 16
1d
-3 (base 5) to base 4
-3
-210 (base 3) to base 4
-111
Convert -77 (base 14) to base 4.
-1221
What is 10 (base 11) in base 5?
21
Convert 1 (base 9) to base 14.
1
-e (base 15) to base 16
-e
-6 (base 10) to base 11
-6
What is 5 (base 9) in base 10?
5
-10 (base 15) to base 9
-16
What is 2 (base 6) in base 11?
2
1403 (base 5) to base 12
170
-5 (base 13) to base 11
-5
Convert -2e (base 15) to base 3.
-1122
112 (base 5) to base 6
52
Convert -1022 (base 3) to base 5.
-120
Convert -21 (base 16) to base 7.
-45
-11 (base 5) to base 7
-6
Convert 58 (base 13) to base 10.
73
Convert -4b (base 16) to base 10.
-75
-4 (base 9) to base 7
-4
3 (base 10) to base 16
3
What is 5 (base 7) in base 9?
5
What is 10120 (base 3) in base 16?
60
Convert 110 (base 3) to base 7.
15
-2 (base 12) to base 4
-2
What is -11 (base 5) in base 10?
-6
Convert -413 (base 6) to base 12.
-109
162 (base 8) to base 7
222
Convert 14 (base 7) to base 4.
23
Convert 155 (base 12) to base 14.
10d
Convert -1 (base 5) to base 10.
-1
-19 (base 16) to base 14
-1b
332 (base 5) to base 16
5c
Convert -117 (base 8) to base 6.
-211
Convert 37 (base 14) to base 3.
1211
What is 1 (base 14) in base 9?
1
What is -10001 (base 2) in base 5?
-32
Convert 4 (base 15) to base 9.
4
-10100000 (base 2) to base 5
-1120
What is 21 (base 16) in base 7?
45
3 (base 5) to base 4
3
5 (base 14) to base 15
5
Convert 1 (base 10) to base 14.
1
-3 (base 7) to base 11
-3
Convert 3 (base 15) to base 2.
11
1d (base 16) to base 7
41
-1 (base 6) to base 15
-1
-10 (base 4) to base 5
-4
-110000 (base 2) to base 10
-48
232 (base 5) to base 13
52
Convert 5 (base 10) to base 6.
5
Convert -6e (base 16) to base 10.
-110
What is -134 (base 7) in base 12?
-62
Convert 53 (base 12) to base 7.
120
Convert 34 (base 10) to base 14.
26
Convert 6 (base 11) to base 9.
6
Convert -110220 (base 3) to base 11.
-297
Convert -56 (base 11) to base 8.
-75
Convert -5 (base 16) to base 5.
-10
Convert 0 (base 9) to base 14.
0
What is 3 (base 8) in base 3?
10
Convert 1a (base 13) to base 4.
113
What is -138 (base 9) in base 5?
-431
What is 10 (base 7) in base 6?
11
Convert -44 (base 8) to base 4.
-210
0 (base 11) to base 8
0
-8 (base 16) to base 15
-8
-42 (base 9) to base 12
-32
-50 (base 11) to base 15
-3a
Convert -39 (base 16) to base 2.
-111001
e (base 16) to base 8
16
What is -2 (base 5) in base 16?
-2
Convert -4 (base 7) to base 10.
-4
Convert -15 (base 7) to base 15.
-c
Convert 11101 (base 3) to base 13.
91
Convert -210 (base 4) to base 6.
-100
Convert -7e (base 16) to base 5.
-1001
-124 (base 5) to base 9
-43
Convert -99 (base 12) to base 5.
-432
Convert -121 (base 4) to base 15.
-1a
Convert -91 (base 15) to base 7.
-253
What is -1 (base 3) in base 15?
-1
Convert -b (base 13) to base 11.
-10
-1f (base 16) to base 9
-34
Convert -2 (base 5) to base 14.
-2
What is -7 (base 9) in base 3?
-21
Convert -3 (base 15) to base 9.
-3
What is -330 (base 7) in base 13?
-cc
What is -46 (base 15) in base 14?
-4a
What is -30 (base 6) in base 10?
-18
What is 421 (base 5) in base 11?
a1
What is -2 (base 8) in base 10?
-2
Convert -100100 (base 2) to base 8.
-44
-24 (base 15) to base 14
-26
Convert 14 (base 9) to base 15.
d
-13 (base 13) to base 5
-31
What is -1 (base 13) in base 6?
-1
-2011 (base 3) to base 15
-3d
Convert 11 (base 9) to base 6.
14
What is -2204 (base 5) in base 4?
-10300
What is 110 (base 2) in base 3?
20
Convert 4 (base 12) to base 15.
4
Convert -20222 (base 3) to base 14.
-d6
What is 2 (base 10) in base 13?
2
2 (base 12) to base 10
2
Convert 221 (base 4) to base 5.
131
What is -3 (base 5) in base 14?
-3
Convert 0 (base 10) to base 4.
0
-41 (base 11) to base 16
-2d
-46 (base 9) to base 14
-30
What is 121 (base 10) in base 8?
171
What is -2d (base 16) in base 13?
-36
-1 (base 9) to base 10
-1
Convert 48 (base 9) to base 15.
2e
7 (base 8) to base 10
7
-3 (base 10) to base 12
-3
What is 16 (base 14) in base 12?
18
What is 252 (base 11) in base 10?
299
Convert 30 (base 9) to base 13.
21
Convert 102 (base 3) to base 4.
23
Convert 2 (base 4) to base 11.
2
65 (base 15) to base 9
115
What is 2 (base 5) in base 14?
2
What is 4 (base 9) in base 8?
4
-4 (base 13) to base 4
-10
What is -30 (base 11) in base 16?
-21
Convert 0 (base 8) to base 13.
0
What is -10 (base 2) in base 14?
-2
2b (base 12) to base 10
35
What is 2 (base 9) in base 13?
2
What is 9 (base 16) in base 9?
10
Convert 24 (base 7) to base 5.
33
Convert 2 (base 14) to base 3.
2
What is 11 (base 3) in base 10?
4
Convert 2 (base 12) to base 5.
2
Convert 0 (base 9) to base 15.
0
What is -12 (base 12) in base 3?
-112
What is -3 (base 10) in base 14?
-3
What is 3 (base 12) in base 6?
3
-43 (base 13) to base 9
-61
4 (base 16) to base 5
4
What is 101 (base 2) in base 14?
5
Convert -111 (base 5) to base 3.
-1011
-2 (base 16) to base 4
-2
What is -102 (base 4) in base 6?
-30
What is -34 (base 16) in base 13?
-40
What is -84 (base 9) in base 3?
-2211
2b (base 13) to base 14
29
9 (base 13) to base 12
9
-5 (base 11) to base 5
-10
Convert 1e (base 15) to base 8.
35
-22 (base 6) to base 12
-12
Convert -d (base 14) to base 13.
-10
Convert a (base 13) to base 10.
10
Convert -3 (base 6) to base 2.
-11
Convert -12 (base 12) to base 7.
-20
What i